{"id":1505,"date":"2025-01-03T11:32:12","date_gmt":"2025-01-03T11:32:12","guid":{"rendered":"https:\/\/www.servigrupnorte.es\/?page_id=1505"},"modified":"2025-06-28T17:08:47","modified_gmt":"2025-06-28T17:08:47","slug":"servicios","status":"publish","type":"page","link":"https:\/\/servigrupnorte.es\/index.php\/servicios\/","title":{"rendered":"Servicios"},"content":{"rendered":"\t\t<div data-elementor-type=\"wp-page\" data-elementor-id=\"1505\" class=\"elementor elementor-1505\">\n\t\t\t\t<div class=\"elementor-element elementor-element-6ee70171 e-con-full e-flex e-con e-parent\" data-id=\"6ee70171\" data-element_type=\"container\">\n\t\t\t\t<div class=\"elementor-element elementor-element-5b98cf1d elementor-widget elementor-widget-text-editor\" data-id=\"5b98cf1d\" data-element_type=\"widget\" data-widget_type=\"text-editor.default\">\n\t\t\t\t<div class=\"elementor-widget-container\">\n\t\t\t\t\t\t\t\t\t<h3><span style=\"color: #000000;\"><strong>Reformas de vivienda<\/strong><\/span><\/h3>\n<p>Eficiencia, Confiable, Excepcional<\/p>\n<p>Reformas de pisos y locales, reformas de ba\u00f1os y cocinas, alicatados, solados, escayola, impermeabilizantes, cambio de ba\u00f1era por plato de ducha, tabiques, tejados, alisados de paredes, colocaci\u00f3n de pladur, fontaner\u00eda, electricidad, carpinter\u00eda, pintura.<\/p>\n<p><\/p>\n<p class=\"wp-block-image size-large\"><img fetchpriority=\"high\" decoding=\"async\" class=\"wp-image-1522\" src=\"https:\/\/www.servigrupnorte.es\/wp-content\/uploads\/2025\/01\/living-room-interior-wall-mockup-in-warm-tones-with-leather-sofa-which-is-behind-the-kitchen-3d-rendering-A0xrq2O2Eqfb744z.jpg\" alt=\"\" width=\"727\" height=\"509\" srcset=\"https:\/\/servigrupnorte.es\/wp-content\/uploads\/2025\/01\/living-room-interior-wall-mockup-in-warm-tones-with-leather-sofa-which-is-behind-the-kitchen-3d-rendering-A0xrq2O2Eqfb744z.jpg 606w, https:\/\/servigrupnorte.es\/wp-content\/uploads\/2025\/01\/living-room-interior-wall-mockup-in-warm-tones-with-leather-sofa-which-is-behind-the-kitchen-3d-rendering-A0xrq2O2Eqfb744z-300x210.jpg 300w, https:\/\/servigrupnorte.es\/wp-content\/uploads\/2025\/01\/living-room-interior-wall-mockup-in-warm-tones-with-leather-sofa-which-is-behind-the-kitchen-3d-rendering-A0xrq2O2Eqfb744z-600x420.jpg 600w\" sizes=\"(max-width: 727px) 100vw, 727px\" \/><\/p>\n<p><\/p>\n<p><\/p>\n<h3 dir=\"auto\"><span style=\"color: #000000;\"><strong>Adecuaciones real Estate<\/strong><\/span><\/h3>\n<p>Servicio personalizado<\/p>\n<p>Realizamos adecuaciones b\u00e1sicas para Real Estate de diferentes compa\u00f1\u00edas. Desde tomas de posesi\u00f3n, adecuaciones para la obtenci\u00f3n de la Cedula de Habitabilidad, limpieza y retirada de enseres, instalacion de puertas antiocupa, etc&#8230;<\/p>\n<p><\/p>\n<p class=\"wp-block-image size-large\"><img decoding=\"async\" class=\"wp-image-1523\" src=\"https:\/\/www.servigrupnorte.es\/wp-content\/uploads\/2025\/01\/real-estate-1-las-claves-para-entender-este-sector-1-1024x683-Aq2NnzMzObcn8p5L.jpg\" alt=\"\" width=\"910\" height=\"637\" srcset=\"https:\/\/servigrupnorte.es\/wp-content\/uploads\/2025\/01\/real-estate-1-las-claves-para-entender-este-sector-1-1024x683-Aq2NnzMzObcn8p5L.jpg 606w, https:\/\/servigrupnorte.es\/wp-content\/uploads\/2025\/01\/real-estate-1-las-claves-para-entender-este-sector-1-1024x683-Aq2NnzMzObcn8p5L-300x210.jpg 300w, https:\/\/servigrupnorte.es\/wp-content\/uploads\/2025\/01\/real-estate-1-las-claves-para-entender-este-sector-1-1024x683-Aq2NnzMzObcn8p5L-600x420.jpg 600w\" sizes=\"(max-width: 910px) 100vw, 910px\" \/><\/p>\n<p><\/p>\n<h3><span style=\"color: #000000;\"><strong>Mantenimiento de edificios<\/strong><\/span><\/h3>\n<p>Consulta nuestros precios para obras y mantenimiento en tu comunidad de vecinos. Hacemos todo tipo de trabajos: obra y reforma en portales, reacondicionamiento de tejados, limpieza de canaletas&#8230;<\/p>\n<p><\/p>\n<p class=\"wp-block-image size-large\"><img decoding=\"async\" class=\"wp-image-1524\" src=\"https:\/\/www.servigrupnorte.es\/wp-content\/uploads\/2025\/01\/part-of-male-construction-worker-A3QrNZjog6HLwME0.jpg\" alt=\"\" width=\"829\" height=\"580\" srcset=\"https:\/\/servigrupnorte.es\/wp-content\/uploads\/2025\/01\/part-of-male-construction-worker-A3QrNZjog6HLwME0.jpg 606w, https:\/\/servigrupnorte.es\/wp-content\/uploads\/2025\/01\/part-of-male-construction-worker-A3QrNZjog6HLwME0-300x210.jpg 300w, https:\/\/servigrupnorte.es\/wp-content\/uploads\/2025\/01\/part-of-male-construction-worker-A3QrNZjog6HLwME0-600x420.jpg 600w\" sizes=\"(max-width: 829px) 100vw, 829px\" \/><\/p>\n<p><\/p>\n<h3><span style=\"color: #000000;\">Mantenimiento comercial<\/span><\/h3>\n<p>Servicio personalizado<\/p>\n<p>Realizamos el mantenimiento preventivo y correctivo para diferentes firmas comerciales y retail, dando una r\u00e1pida respuesta de actuaci\u00f3n para todos nuestros clientes.<\/p>\n<p><\/p>\n<p class=\"wp-block-image size-large\"><img loading=\"lazy\" decoding=\"async\" class=\"wp-image-1525\" src=\"https:\/\/www.servigrupnorte.es\/wp-content\/uploads\/2025\/01\/pepejeans-YanzG4no1GT133PX.jpg\" alt=\"\" width=\"879\" height=\"615\" srcset=\"https:\/\/servigrupnorte.es\/wp-content\/uploads\/2025\/01\/pepejeans-YanzG4no1GT133PX.jpg 606w, https:\/\/servigrupnorte.es\/wp-content\/uploads\/2025\/01\/pepejeans-YanzG4no1GT133PX-300x210.jpg 300w, https:\/\/servigrupnorte.es\/wp-content\/uploads\/2025\/01\/pepejeans-YanzG4no1GT133PX-600x420.jpg 600w\" sizes=\"(max-width: 879px) 100vw, 879px\" \/><\/p>\n<p><\/p>\n<h3><span style=\"color: #000000;\"><strong>Servicios de fontaner\u00eda&nbsp;<\/strong><\/span><\/h3>\n<p>Soluciones rapidas y profesionales en instalaci\u00f3n, reparaci\u00f3n y mantenimiento de sistemas de agua, calefaccion y desag\u00fces.<\/p>\n<p><\/p>\n<p class=\"wp-block-image size-large is-resized\"><img loading=\"lazy\" decoding=\"async\" width=\"1024\" height=\"683\" class=\"wp-image-1519\" style=\"width: 823px; height: 550px;\" src=\"https:\/\/www.servigrupnorte.es\/wp-content\/uploads\/2025\/01\/27146-1024x683.jpg\" alt=\"\" srcset=\"https:\/\/servigrupnorte.es\/wp-content\/uploads\/2025\/01\/27146-1024x683.jpg 1024w, https:\/\/servigrupnorte.es\/wp-content\/uploads\/2025\/01\/27146-300x200.jpg 300w, https:\/\/servigrupnorte.es\/wp-content\/uploads\/2025\/01\/27146-768x512.jpg 768w, https:\/\/servigrupnorte.es\/wp-content\/uploads\/2025\/01\/27146-600x400.jpg 600w, https:\/\/servigrupnorte.es\/wp-content\/uploads\/2025\/01\/27146-1200x800.jpg 1200w, https:\/\/servigrupnorte.es\/wp-content\/uploads\/2025\/01\/27146.jpg 1500w\" sizes=\"(max-width: 1024px) 100vw, 1024px\" \/><\/p>\n<p><\/p>\n<h3><span style=\"color: #000000;\"><strong>Climatizaci\u00f3n<\/strong><\/span><\/h3>\n<p>Instalaci\u00f3n, mantenimiento y reparaci\u00f3n de sistemas de aire acondicionado y calefacci\u00f3n.Garantizamos confort y eficiencia energ\u00e9tica.<\/p>\n<p><\/p>\n<p class=\"wp-block-image size-large is-resized\"><img decoding=\"async\" class=\"alignnone\" style=\"width: 646px; height: 494px;\" src=\"https:\/\/cdn-www.stelorder.com\/wp-content\/uploads\/2021\/09\/sistema-ERP-software-climatizacio%CC%81n.jpg\" alt=\"\" data-wp-editing=\"1\"><\/p>\n<p><\/p>\n<p><\/p>\n<h3><span style=\"color: #000000;\">Electricidad<\/span><\/h3>\n<p>ofrecemos soluciones completas en instalaciones el\u00e9ctricas para viviendas, locales comerciales y oficinas. Nuestro equipo de profesionales garantiza sistemas seguros, eficientes y adaptados a las normativas vigentes. Realizamos desde instalaciones nuevas, reparaciones y mantenimiento, hasta proyectos de iluminaci\u00f3n y automatizaci\u00f3n para optimizar el consumo energ\u00e9tico y mejorar el confort de tus espacios.<\/p>\n<p><\/p>\n<p class=\"wp-block-image size-full\"><img loading=\"lazy\" decoding=\"async\" class=\"wp-image-1626\" src=\"https:\/\/www.servigrupnorte.es\/wp-content\/uploads\/2025\/01\/electric-4198293_640.jpg\" alt=\"\" width=\"726\" height=\"485\" srcset=\"https:\/\/servigrupnorte.es\/wp-content\/uploads\/2025\/01\/electric-4198293_640.jpg 640w, https:\/\/servigrupnorte.es\/wp-content\/uploads\/2025\/01\/electric-4198293_640-300x200.jpg 300w, https:\/\/servigrupnorte.es\/wp-content\/uploads\/2025\/01\/electric-4198293_640-600x400.jpg 600w\" sizes=\"(max-width: 726px) 100vw, 726px\" \/><\/p>\n<p><\/p>\n<h3><span style=\"color: #000000;\">Pintura<\/span><\/h3>\n<p style=\"text-align: left;\">\u00bfQuieres darle un toque nuevo a tu casa, oficina o local? Somos especialistas en transformar espacios con un servicio de pintura profesional y resultados que te encantar\u00e1n. Nos encargamos de todo: cambiar el color de tus paredes, renovar fachadas, aplicar acabados decorativos o proteger superficies contra la humedad. Usamos materiales de primera calidad y cuidamos hasta el \u00faltimo detalle para que tus espacios queden justo como los imaginaste. Dinos lo que necesitas, \u00a1y nos ponemos manos a la obra! Porque pintar no es solo cambiar de color, es darle vida a tus espacios.<\/p>\n<p><\/p>\n<p><\/p>\n<p><\/p>\n<p class=\"wp-block-image size-full is-resized\"><img loading=\"lazy\" decoding=\"async\" width=\"1024\" height=\"821\" class=\"wp-image-1683\" style=\"width: 704px; height: 621px;\" src=\"https:\/\/www.servigrupnorte.es\/wp-content\/uploads\/2025\/01\/DeWatermark.ai_1736104776247.png\" alt=\"\" srcset=\"https:\/\/servigrupnorte.es\/wp-content\/uploads\/2025\/01\/DeWatermark.ai_1736104776247.png 1024w, https:\/\/servigrupnorte.es\/wp-content\/uploads\/2025\/01\/DeWatermark.ai_1736104776247-300x241.png 300w, https:\/\/servigrupnorte.es\/wp-content\/uploads\/2025\/01\/DeWatermark.ai_1736104776247-768x616.png 768w, https:\/\/servigrupnorte.es\/wp-content\/uploads\/2025\/01\/DeWatermark.ai_1736104776247-500x400.png 500w, https:\/\/servigrupnorte.es\/wp-content\/uploads\/2025\/01\/DeWatermark.ai_1736104776247-600x481.png 600w\" sizes=\"(max-width: 1024px) 100vw, 1024px\" \/><\/p>\n<p><\/p>\n<p><\/p>\n<p><\/p>\n<p><\/p>\n<p><\/p>\n<p><\/p>\n<p style=\"text-align: center;\">\u00bfTienes alguna duda o consulta? No dudes en ponerte en contacto con nosotros. Nuestro equipo estar\u00e1 encantado de ayudarte con cualquier pregunta que tengas. \u00a1Estamos aqu\u00ed para atenderte!<\/p>\n<p><\/p>\n<p><\/p>\n<div class=\"wp-block-buttons is-layout-flex wp-block-buttons-is-layout-flex\">\n<p><\/p>\n<div class=\"wp-block-button\">&nbsp; &nbsp; &nbsp; &nbsp; &nbsp; &nbsp; &nbsp; &nbsp; &nbsp; &nbsp; &nbsp; &nbsp; &nbsp; &nbsp; &nbsp; &nbsp; &nbsp; &nbsp; &nbsp; &nbsp; &nbsp; &nbsp; &nbsp; &nbsp; &nbsp; &nbsp; &nbsp;&nbsp; &nbsp;&nbsp; &nbsp;&nbsp; &nbsp; <a class=\"wp-block-button__link wp-element-button\" href=\"https:\/\/www.servigrupnorte.es\/index.php\/contacto\/\">&nbsp;Contacta con nosotros<\/a><\/div>\n<p><\/p>\n<\/div>\n<p><\/p>\t\t\t\t\t\t\t\t<\/div>\n\t\t\t\t<\/div>\n\t\t\t\t<\/div>\n\t\t\t\t<\/div>\n\t\t","protected":false},"excerpt":{"rendered":"<p>Reformas de vivienda Eficiencia, Confiable, Excepcional Reformas de pisos y locales, reformas de ba\u00f1os y cocinas, alicatados, solados, escayola, impermeabilizantes, cambio de ba\u00f1era por plato de ducha, tabiques, tejados, alisados de paredes, colocaci\u00f3n de pladur, fontaner\u00eda, electricidad, carpinter\u00eda, pintura. Adecuaciones real Estate Servicio personalizado Realizamos adecuaciones b\u00e1sicas para Real Estate de diferentes compa\u00f1\u00edas. Desde tomas [&hellip;]<\/p>\n","protected":false},"author":1,"featured_media":0,"parent":0,"menu_order":0,"comment_status":"closed","ping_status":"closed","template":"","meta":{"footnotes":""},"class_list":["post-1505","page","type-page","status-publish","hentry"],"_links":{"self":[{"href":"https:\/\/servigrupnorte.es\/index.php\/wp-json\/wp\/v2\/pages\/1505","targetHints":{"allow":["GET"]}}],"collection":[{"href":"https:\/\/servigrupnorte.es\/index.php\/wp-json\/wp\/v2\/pages"}],"about":[{"href":"https:\/\/servigrupnorte.es\/index.php\/wp-json\/wp\/v2\/types\/page"}],"author":[{"embeddable":true,"href":"https:\/\/servigrupnorte.es\/index.php\/wp-json\/wp\/v2\/users\/1"}],"replies":[{"embeddable":true,"href":"https:\/\/servigrupnorte.es\/index.php\/wp-json\/wp\/v2\/comments?post=1505"}],"version-history":[{"count":56,"href":"https:\/\/servigrupnorte.es\/index.php\/wp-json\/wp\/v2\/pages\/1505\/revisions"}],"predecessor-version":[{"id":2233,"href":"https:\/\/servigrupnorte.es\/index.php\/wp-json\/wp\/v2\/pages\/1505\/revisions\/2233"}],"wp:attachment":[{"href":"https:\/\/servigrupnorte.es\/index.php\/wp-json\/wp\/v2\/media?parent=1505"}],"curies":[{"name":"wp","href":"https:\/\/api.w.org\/{rel}","templated":true}]}}