{"id":1582,"date":"2025-01-05T01:53:08","date_gmt":"2025-01-05T01:53:08","guid":{"rendered":"https:\/\/www.servigrupnorte.es\/?page_id=1582"},"modified":"2025-01-17T10:02:51","modified_gmt":"2025-01-17T10:02:51","slug":"nuestra-empresa","status":"publish","type":"page","link":"https:\/\/servigrupnorte.es\/index.php\/nuestra-empresa\/","title":{"rendered":"Nuestra empresa"},"content":{"rendered":"\t\t<div data-elementor-type=\"wp-page\" data-elementor-id=\"1582\" class=\"elementor elementor-1582\">\n\t\t\t\t<div class=\"elementor-element elementor-element-fc480ee e-flex e-con-boxed e-con e-parent\" data-id=\"fc480ee\" data-element_type=\"container\">\n\t\t\t\t\t<div class=\"e-con-inner\">\n\t\t\t\t<div class=\"elementor-element elementor-element-42b628a elementor-widget elementor-widget-image\" data-id=\"42b628a\" data-element_type=\"widget\" data-widget_type=\"image.default\">\n\t\t\t\t<div class=\"elementor-widget-container\">\n\t\t\t\t\t\t\t\t\t\t\t\t\t\t\t<img fetchpriority=\"high\" decoding=\"async\" width=\"768\" height=\"512\" src=\"https:\/\/servigrupnorte.es\/wp-content\/uploads\/2025\/01\/pexels-a-darmel-7642088-768x512.jpg\" class=\"attachment-medium_large size-medium_large wp-image-2127\" alt=\"\" srcset=\"https:\/\/servigrupnorte.es\/wp-content\/uploads\/2025\/01\/pexels-a-darmel-7642088-768x512.jpg 768w, https:\/\/servigrupnorte.es\/wp-content\/uploads\/2025\/01\/pexels-a-darmel-7642088-300x200.jpg 300w, https:\/\/servigrupnorte.es\/wp-content\/uploads\/2025\/01\/pexels-a-darmel-7642088-1024x683.jpg 1024w, https:\/\/servigrupnorte.es\/wp-content\/uploads\/2025\/01\/pexels-a-darmel-7642088-1536x1024.jpg 1536w, https:\/\/servigrupnorte.es\/wp-content\/uploads\/2025\/01\/pexels-a-darmel-7642088-2048x1365.jpg 2048w, https:\/\/servigrupnorte.es\/wp-content\/uploads\/2025\/01\/pexels-a-darmel-7642088-1170x780.jpg 1170w\" sizes=\"(max-width: 768px) 100vw, 768px\" \/>\t\t\t\t\t\t\t\t\t\t\t\t\t\t\t<\/div>\n\t\t\t\t<\/div>\n\t\t\t\t<div class=\"elementor-element elementor-element-cfef9a8 elementor-widget elementor-widget-text-editor\" data-id=\"cfef9a8\" data-element_type=\"widget\" data-widget_type=\"text-editor.default\">\n\t\t\t\t<div class=\"elementor-widget-container\">\n\t\t\t\t\t\t\t\t\t<p style=\"text-align: center;\"><span style=\"color: #000000;\">En Servigrupnorte, construimos m\u00e1s que proyectos: construimos confianza y calidad.<\/span><br \/><span style=\"color: #000000;\">Nos enorgullece contar con un equipo altamente capacitado, tarifas competitivas y un compromiso inquebrantable con la excelencia. Desde nuestros inicios, hemos trabajado con dedicaci\u00f3n para establecer una reputaci\u00f3n impecable como l\u00edderes en el sector de la construcci\u00f3n.<\/span><\/p>\n<p style=\"text-align: center;\"><span style=\"color: #000000;\"><!-- \/wp:paragraph --><!-- wp:paragraph --><\/span><\/p>\n<p style=\"text-align: center;\"><span style=\"color: #000000;\">Ofrecemos una amplia gama de servicios de construcci\u00f3n, dise\u00f1ados para satisfacer las necesidades de cada cliente. No importa el tama\u00f1o o la complejidad de su proyecto, nuestro equipo de profesionales est\u00e1 aqu\u00ed para transformar sus ideas en realidad y superar sus expectativas.<\/span><\/p>\n<p style=\"text-align: center;\"><span style=\"color: #000000;\"><!-- \/wp:paragraph --><!-- wp:paragraph --><\/span><\/p>\n<p style=\"text-align: center;\"><span style=\"color: #000000;\">\u00bfListo para dar vida a sus sue\u00f1os?<\/span><br \/><span style=\"color: #000000;\">Cont\u00e1ctenos hoy y descubra c\u00f3mo podemos convertir su visi\u00f3n en una obra excepcional.<\/span><\/p>\t\t\t\t\t\t\t\t<\/div>\n\t\t\t\t<\/div>\n\t\t\t\t\t<\/div>\n\t\t\t\t<\/div>\n\t\t<div class=\"elementor-element elementor-element-863901f e-flex e-con-boxed e-con e-parent\" data-id=\"863901f\" data-element_type=\"container\">\n\t\t\t\t\t<div class=\"e-con-inner\">\n\t\t\t\t<div class=\"elementor-element elementor-element-df19975 elementor-align-center elementor-widget elementor-widget-button\" data-id=\"df19975\" data-element_type=\"widget\" data-widget_type=\"button.default\">\n\t\t\t\t<div class=\"elementor-widget-container\">\n\t\t\t\t\t\t\t\t\t<div class=\"elementor-button-wrapper\">\n\t\t\t\t\t<a class=\"elementor-button elementor-button-link elementor-size-sm\" href=\"https:\/\/www.servigrupnorte.es\/index.php\/contacto\/\">\n\t\t\t\t\t\t<span class=\"elementor-button-content-wrapper\">\n\t\t\t\t\t\t\t\t\t<span class=\"elementor-button-text\">CONTACTAR<\/span>\n\t\t\t\t\t<\/span>\n\t\t\t\t\t<\/a>\n\t\t\t\t<\/div>\n\t\t\t\t\t\t\t\t<\/div>\n\t\t\t\t<\/div>\n\t\t\t\t\t<\/div>\n\t\t\t\t<\/div>\n\t\t\t\t<\/div>\n\t\t","protected":false},"excerpt":{"rendered":"<p>En Servigrupnorte, construimos m\u00e1s que proyectos: construimos confianza y calidad.Nos enorgullece contar con un equipo altamente capacitado, tarifas competitivas y un compromiso inquebrantable con la excelencia. Desde nuestros inicios, hemos trabajado con dedicaci\u00f3n para establecer una reputaci\u00f3n impecable como l\u00edderes en el sector de la construcci\u00f3n. Ofrecemos una amplia gama de servicios de construcci\u00f3n, dise\u00f1ados [&hellip;]<\/p>\n","protected":false},"author":1,"featured_media":0,"parent":0,"menu_order":0,"comment_status":"closed","ping_status":"closed","template":"","meta":{"footnotes":""},"class_list":["post-1582","page","type-page","status-publish","hentry"],"_links":{"self":[{"href":"https:\/\/servigrupnorte.es\/index.php\/wp-json\/wp\/v2\/pages\/1582","targetHints":{"allow":["GET"]}}],"collection":[{"href":"https:\/\/servigrupnorte.es\/index.php\/wp-json\/wp\/v2\/pages"}],"about":[{"href":"https:\/\/servigrupnorte.es\/index.php\/wp-json\/wp\/v2\/types\/page"}],"author":[{"embeddable":true,"href":"https:\/\/servigrupnorte.es\/index.php\/wp-json\/wp\/v2\/users\/1"}],"replies":[{"embeddable":true,"href":"https:\/\/servigrupnorte.es\/index.php\/wp-json\/wp\/v2\/comments?post=1582"}],"version-history":[{"count":17,"href":"https:\/\/servigrupnorte.es\/index.php\/wp-json\/wp\/v2\/pages\/1582\/revisions"}],"predecessor-version":[{"id":2131,"href":"https:\/\/servigrupnorte.es\/index.php\/wp-json\/wp\/v2\/pages\/1582\/revisions\/2131"}],"wp:attachment":[{"href":"https:\/\/servigrupnorte.es\/index.php\/wp-json\/wp\/v2\/media?parent=1582"}],"curies":[{"name":"wp","href":"https:\/\/api.w.org\/{rel}","templated":true}]}}